2788
-4130430211 (base 5) to base 3
-120220101212111
Convert -22776a1 (base 11) to base 13.
-a93788
Convert -320000322 (base 5) to base 13.
-376732
Convert -22130444 (base 6) to base 2.
-10100010010110111100
Convert -2310112310 (base 4) to base 3.
-1101112100202
Convert 6e11 (base 15) to base 12.
11674
What is 239072 (base 10) in base 8?
722740
What is -11216016 (base 7) in base 16?
-ef14e
Convert -1331804 (base 14) to base 3.
-122102120212020
9b436 (base 16) to base 10
635958
What is -2341378 (base 12) in base 9?
-13718772
Convert -1200101100022 (base 3) to base 5.
-212041101
Convert 1323100313 (base 4) to base 5.
112124022
Convert 3930a98 (base 12) to base 7.
164501333
What is -d741 (base 16) in base 4?
-31131001
46aa5 (base 13) to base 5
13114001
Convert -1022012101201 (base 3) to base 2.
-10101001001001100111
Convert 540162 (base 8) to base 9.
304335
What is -107769 (base 12) in base 10?
-262017
Convert 1111011111000011100 (base 2) to base 15.
a0530
What is -23833 (base 12) in base 13?
-18a17
Convert -40210433 (base 7) to base 3.
-20021012110102
544132444 (base 6) to base 14
140d112
-124a3 (base 16) to base 7
-431261
Convert 47845 (base 12) to base 8.
273765
Convert 194416 (base 13) to base 15.
c8eba
What is 11253231 (base 6) in base 10?
349363
Convert -33006240 (base 8) to base 12.
-2455a54
Convert 268721 (base 10) to base 13.
9540b
Convert 36746 (base 9) to base 11.
17594
Convert 10010110010010111011110 (base 2) to base 5.
2230044034
Convert -1ac0de (base 16) to base 9.
-3262072
-458703 (base 9) to base 7
-2224632
-8a6d (base 15) to base 2
-111001010101001
Convert -116a41 (base 12) to base 11.
-182491
Convert -1533511 (base 8) to base 4.
-1223131021
-4b0861 (base 14) to base 13
-6c23a4
What is -36ec3 (base 15) in base 12?
-85656
Convert 60161635 (base 8) to base 7.
212306520
Convert 4474813 (base 10) to base 9.
8370254
What is -2255347 (base 10) in base 7?
-25112233
-c7bc2 (base 15) to base 10
-633782
Convert -11221122111221 (base 3) to base 11.
-1537462
Convert -5411b (base 13) to base 16.
-250ea
Convert -100011010000101101 (base 2) to base 6.
-3032353
-11000101101110 (base 2) to base 3
-122100200
What is 321230330 (base 4) in base 12?
b4938
Convert 1111583 (base 10) to base 4.
10033120133
Convert 5011235 (base 7) to base 12.
2460b5
Convert -2908879 (base 10) to base 5.
-1221041004
Convert 141413422 (base 5) to base 6.
23410322
-71ab8 (base 12) to base 7
-1155554
Convert -2081 (base 9) to base 15.
-6c1
What is -32c31 (base 14) in base 7?
-1021661
-10210013010 (base 4) to base 10
-1196484
What is -1132410311 (base 5) in base 15?
-36c0db
399e65 (base 15) to base 4
22203220022
-1001100011011000010 (base 2) to base 9
-526346
What is 10011101010110001 (base 2) in base 15?
18d0b
Convert -6f8b9 (base 16) to base 6.
-13443121
34b82 (base 14) to base 4
133113232
Convert 332614 (base 9) to base 4.
300202003
Convert 7672c (base 16) to base 7.
4060321
Convert 2b8b5 (base 14) to base 10.
108743
What is 111101110101100101 (base 2) in base 7?
2103304
Convert -100423544 (base 6) to base 12.
-6a7bb4
What is -102313542 (base 7) in base 8?
-27060521
Convert 122020121220 (base 3) to base 11.
212033
What is 6253357 (base 10) in base 15?
837ca7
What is 4025144 (base 6) in base 15?
3b60a
65336 (base 11) to base 16
172b7
-302010303 (base 4) to base 14
-54a67
What is 3385b22 (base 12) in base 9?
20528548
What is -1101011110010100111 (base 2) in base 5?
-103112021
Convert 138c7 (base 16) to base 10.
80071
Convert 10101101111000111 (base 2) to base 11.
60988
What is -4b8052 (base 12) in base 15?
-196925
What is -132983 (base 15) in base 16?
-e0a54
Convert -7664033 (base 9) to base 2.
-1111101101000011010101
Convert -44400616 (base 7) to base 16.
-3a79ef
13425044 (base 6) to base 3
212002202001
171a3c (base 14) to base 8
3060746
Convert -77265 (base 15) to base 12.
-163095
4065272 (base 8) to base 2
100000110101010111010
What is 134a74 (base 12) in base 5?
40210410
What is -780c2 (base 13) in base 7?
-1564403
What is -372a5a (base 14) in base 4?
-13031121320
What is -235c97 (base 13) in base 4?
-3031122332
Convert 2042042101 (base 5) to base 6.
231052440
-11001102012011 (base 3) to base 10
-2153605
What is 404507 (base 12) in base 14?
1c1727
What is -200234 (base 8) in base 2?
-10000000010011100
1001011010000100 (base 2) to base 5
2213112
-4c429 (base 13) to base 2
-100010100000000111
What is 372691 (base 12) in base 10?
896077
-25a1a (base 15) to base 10
-120400
-56332671 (base 8) to base 2
-101110011011010110111001
What is 23144405 (base 6) in base 15?
e1778
-3480684 (base 9) to base 7
-22003312
What is -11998a9 (base 11) in base 6?
-112305451
What is 541414 (base 7) in base 5?
11003224
What is 2223977 (base 11) in base 15?
5206d2
What is c084 (base 13) in base 6?
322320
What is 7373595 (base 10) in base 13?
16b2298
Convert -22371 (base 12) to base 14.
-127c1
Convert -d48bd (base 14) to base 15.
-a1b14
What is 961e7 (base 15) in base 2?
1110100010010011101
What is 4443141 (base 5) in base 13?
2960c
-429b0 (base 13) to base 7
-1010510
What is -11111101010000110000 (base 2) in base 11?
-649425
-10001001001010111 (base 2) to base 5
-4221411
1034344 (base 5) to base 14
684b
6955c8 (base 14) to base 16
36bdec
Convert -66582 (base 12) to base 10.
-135602
1111111001110010 (base 2) to base 9
108315
-2201212 (base 4) to base 10
-10342
What is 11d47cd (base 14) in base 12?
2a58a55
1a671 (base 11) to base 12
14783
What is -11750155 (base 8) in base 3?
-11220120020022
Convert 123354 (base 10) to base 6.
2351030
3bbd6 (base 15) to base 5
22113201
Convert -3312428 (base 9) to base 8.
-6624177
What is -98b59 (base 13) in base 5?
-32322213
What is -91338 (base 10) in base 11?
-62695
Convert -12040040 (base 5) to base 7.
-644140
Convert 221551 (base 6) to base 12.
a8b7
Convert -133203133222 (base 4) to base 10.
-8271850
2163672 (base 9) to base 7
12615455
Convert 19b6b4 (base 12) to base 7.
3604612
10212002100 (base 3) to base 2
10010100001100111
-708917 (base 10) to base 8
-2550465
What is b8dd5e (base 15) in base 5?
4223230024
Convert 43654055 (base 8) to base 7.
142564254
Convert -229882 (base 14) to base 13.
-323765
What is 4067146 (base 8) in base 4?
10012321212
-202211020022 (base 3) to base 8
-1440414
What is -2534255 (base 7) in base 8?
-1200556
Convert -2022010121210 (base 3) to base 15.
-192576
What is -3e2e (base 15) in base 2?
-11010000000111
-9b2109 (base 12) to base 5
-1113034233
What is 10101010010011110 (base 2) in base 16?
1549e
What is -11011111110100111010 (base 2) in base 11?
-57688a
What is 12424314 (base 5) in base 9?
207624
3036332 (base 7) to base 4
1120132022
Convert 3447655 (base 8) to base 12.
392925
-666334 (base 9) to base 6
-12312004
What is -11002122001022 (base 3) in base 13?
-5b31c6
Convert 438a2 (base 15) to base 12.
a4215
8205 (base 16) to base 9
50583
What is 12112200102221 (base 3) in base 14?
569999
-378037 (base 10) to base 8
-1342265
7db3 (base 16) to base 5
2012204
Convert 5216527 (base 8) to base 4.
11101311113
4a90656 (base 12) to base 9
30452543
Convert -11111010010100110001010 (base 2) to base 11.
-46a2840
What is -3089222 (base 10) in base 9?
-5727548
Convert 2287c9 (base 13) to base 9.
1476851
Convert -42021041 (base 6) to base 9.
-2252787
Convert -115a92 (base 12) to base 5.
-32423013
What is -4726601 (base 8) in base 12?
-522369
b0b851 (base 13) to base 15
562ac3
What is -5466202 (base 7) in base 5?
-133001122
What is -877aa (base 11) in base 8?
-370664
What is -301231230 (base 4) in base 5?
-23004003
Convert 6acd5d (base 14) to base 8.
15722307
-43813 (base 10) to base 13
-16c33
-10460403 (base 7) to base 3
-1200222221110
What is 2100220220 (base 3) in base 12?
22b73
What is aa299 (base 16) in base 14?
142009
Convert -521204 (base 12) to base 14.
-257392
What is -1101100111101111 (base 2) in base 7?
-321441
-210211234 (base 5) to base 2
-11010011100010001100
What is -10027735 (base 9) in base 12?
-1736995
What is 7802261 (base 9) in base 5?
2033203104
-201121120212 (base 3) to base 5
-44323234
What is 31616720 (base 8) in base 13?
1527c2b
What is -1010100010010111010011 (base 2) in base 13?
-759347
What is 10110010110100011 (base 2) in base 7?
530632
2cd5b (base 15) to base 5
14113021
Convert 174ea7 (base 16) to base 10.
152